{"id":426,"date":"2012-10-12T22:48:49","date_gmt":"2012-10-12T20:48:49","guid":{"rendered":"http:\/\/www.amicidellamusicafumane.it\/?page_id=426"},"modified":"2012-10-13T11:46:22","modified_gmt":"2012-10-13T09:46:22","slug":"un-concerto-lungo-30-anni","status":"publish","type":"page","link":"https:\/\/www.amicidellamusicafumane.it\/?page_id=426","title":{"rendered":"Concerto lungo 30 anni"},"content":{"rendered":"<p style=\"text-align: justify;\">Alti e bassi, entusiasmi e stanchezze, simpatia e indifferenza, soddisfazioni e delusioni: come la vita di ciascuno di noi, anche la vita di un coro si esprime in vari momenti, ora pi\u00f9 lieti ora meno. E in trent&#8217;anni di vita &#8211; tanti ne ha il nostro gruppo corale &#8211; tutto questo \u00e8 puntualmente accaduto. Ne siamo usciti irrobustiti, e un\u00a0po\u00a0pi\u00f9 maturi (non solo d&#8217;et\u00e0).<br \/>\nTante persone sono transitate attraverso la nostra associazione: alcune se ne sono andate per sempre, altre sono giunte a colmare i vuoti. Quanti visi di maestri e di coristi scorrono in questo momento davanti ai nostri occhi: volti di gente che con il canto ha coltivato anche tanta amicizia, ha imparato comunque a convivere, in un clima di operosa serenit\u00e0.<br \/>\nTrent&#8217;anni sono tanti, almeno per la vita di un\u2019istituzione come la nostra che normalmente nasce e tramonta nel giro di una generazione. Adesso le generazioni sono almeno due e forse anche tre: quella dei nonni e dei loro figli e dei figli dei loro figli. Un testimone che passa di mano in mano e che ci d\u00e0 fiducia di poter continuare la nostra presenza nell&#8217;ambito della pi\u00f9 vasta comunit\u00e0 fumanese, al cui servizio, anzitutto, sentiamo ancora di essere, cos\u00ec come quando, trent&#8217;anni fa, eravamo nati.<\/p>\n<h4 style=\"text-align: justify;\"><a href=\"http:\/\/www.amicidellamusicafumane.it\/immagini\/2012\/10\/coro-040.jpg\" data-lbwps-width=\"800\" data-lbwps-height=\"577\" data-lbwps-srcsmall=\"https:\/\/www.amicidellamusicafumane.it\/immagini\/2012\/10\/coro-040.jpg\"><img loading=\"lazy\" decoding=\"async\" class=\"aligncenter size-medium wp-image-515\" title=\"coro 040\" src=\"http:\/\/www.amicidellamusicafumane.it\/immagini\/2012\/10\/coro-040-300x216.jpg\" alt=\"\" width=\"300\" height=\"216\" srcset=\"https:\/\/www.amicidellamusicafumane.it\/immagini\/2012\/10\/coro-040-300x216.jpg 300w, https:\/\/www.amicidellamusicafumane.it\/immagini\/2012\/10\/coro-040.jpg 800w\" sizes=\"auto, (max-width: 300px) 100vw, 300px\" \/><\/a><\/h4>\n<h4 style=\"text-align: justify;\">CORO AMICI DELLA MUSICA\u00a0 &#8230;.\u00a0\u00a0\u00a0 30 anni \u2026..<\/h4>\n<p style=\"text-align: justify;\">Tanti successi, &#8230; tante nuove esperienze, nuove amicizie &#8230; innumerevoli concerti, moltissime soddisfazioni.<br \/>\nSono gli elementi che contribuiscono a formare la storia di un coro.<br \/>\nOgni 10, 20, 30, 40, 50, 100, anni vale la pena guardare al proprio trascorso, riviverne le emozioni per condividerle con le persone che ci circondano. Trent&#8217;anni sono un traguardo non indifferente: la comunit\u00e0 di Fumane pu\u00f2 essere orgogliosa di questa sua creatura. Ma festeggiare un anniversario non \u00e8 solo voler ricordare, \u00e8 anche un momento di riflessione, di verifica in cui ci si confronta e si analizza il lavoro svolto.<br \/>\nIl coro Amici della Musica rappresenta molto per la coralit\u00e0 veronese, per il territorio e la Valpolicella stessa. Ha un merito che va ben oltre all&#8217;immagine, ai fatti personali, ai successi ottenuti: esso rappresenta un riferimento culturale estremamente affidabile e concreto, consolidatosi sull&#8217;impegno e sulla costanza dei suoi componenti. La ricerca artistica, l&#8217;apertura verso generi musicali diversi, ha portato il coro a confrontarsi e a superare difficolt\u00e0 notevoli acquisendo nel contempo un bagaglio culturale che ora gli consente di poter spaziare in varie direzioni tanto da potersi proporre con stili e repertori diversi. Parte del merito di tale maturit\u00e0 artistica sar\u00e0 certamente da attribuire ai vari direttori che si sono succeduti negli anni. E certo non indifferente sar\u00e0 stato l&#8217;impegno che i vari Consigli Direttivi si devono essere assunti per superare reticenze, difficolt\u00e0 facilmente individuabili, ma quello che pi\u00f9 conta \u00e8 la disponibilit\u00e0 dei suoi componenti ad accettare proposte nuove. Un fatto che ha permesso di conoscere forme espressive diverse e scoprire cose sempre pi\u00f9 suggestive e accattivanti.\u00a0E&#8217; un coro che ha saputo costruire il proprio percorso artistico attingendo a varie e qualificate esperienze e che oggi, guardando al futuro, sta preparando le basi per garantirsi la continuit\u00e0 domani. Investe nei giovani e il coro di voci Bianche, &#8220;Piccoli Amici della Musica&#8221; che da alcuni anni ha formato con la collaborazione dell&#8217;Associazione Gruppi Corali, \u00e8 una realt\u00e0 concreta. Con esso condivide l&#8217;immagine di una comunit\u00e0 il cui amore per la musica e il canto corale trova origini nella tradizione popolare e che, all&#8217;occorrenza, non disdegna ad offrire il suo aiuto e il suo sostegno.<\/p>\n<p style=\"text-align: justify;\">Buon Compleanno Amici della Musica.<\/p>\n<p align=\"right\">Lino Pasetto<\/p>\n<p>&nbsp;<\/p>\n","protected":false},"excerpt":{"rendered":"<p>Alti e bassi, entusiasmi e stanchezze, simpatia e indifferenza, soddisfazioni e delusioni: come la vita di ciascuno di noi, anche la vita di un coro si esprime in vari momenti, ora pi\u00f9 lieti ora meno. E in trent&#8217;anni di vita &#8211; tanti ne ha il nostro gruppo corale &#8211; tutto questo \u00e8 puntualmente accaduto. Ne &hellip; <\/p>\n<p><a class=\"more-link btn\" href=\"https:\/\/www.amicidellamusicafumane.it\/?page_id=426\">Continua a leggere<\/a><\/p>\n","protected":false},"author":4,"featured_media":0,"parent":265,"menu_order":30,"comment_status":"open","ping_status":"closed","template":"","meta":{"footnotes":""},"class_list":["post-426","page","type-page","status-publish","hentry","nodate","item-wrap"],"_links":{"self":[{"href":"https:\/\/www.amicidellamusicafumane.it\/index.php?rest_route=\/wp\/v2\/pages\/426","targetHints":{"allow":["GET"]}}],"collection":[{"href":"https:\/\/www.amicidellamusicafumane.it\/index.php?rest_route=\/wp\/v2\/pages"}],"about":[{"href":"https:\/\/www.amicidellamusicafumane.it\/index.php?rest_route=\/wp\/v2\/types\/page"}],"author":[{"embeddable":true,"href":"https:\/\/www.amicidellamusicafumane.it\/index.php?rest_route=\/wp\/v2\/users\/4"}],"replies":[{"embeddable":true,"href":"https:\/\/www.amicidellamusicafumane.it\/index.php?rest_route=%2Fwp%2Fv2%2Fcomments&post=426"}],"version-history":[{"count":6,"href":"https:\/\/www.amicidellamusicafumane.it\/index.php?rest_route=\/wp\/v2\/pages\/426\/revisions"}],"predecessor-version":[{"id":503,"href":"https:\/\/www.amicidellamusicafumane.it\/index.php?rest_route=\/wp\/v2\/pages\/426\/revisions\/503"}],"up":[{"embeddable":true,"href":"https:\/\/www.amicidellamusicafumane.it\/index.php?rest_route=\/wp\/v2\/pages\/265"}],"wp:attachment":[{"href":"https:\/\/www.amicidellamusicafumane.it\/index.php?rest_route=%2Fwp%2Fv2%2Fmedia&parent=426"}],"curies":[{"name":"wp","href":"https:\/\/api.w.org\/{rel}","templated":true}]}}

<p style="text-align: justify;">Alti e bassi, entusiasmi e stanchezze, simpatia e indifferenza, soddisfazioni e delusioni: come la vita di ciascuno di noi, anche la vita di un coro si esprime in vari momenti, ora più lieti ora meno. E in trent&#8217;anni di vita &#8211; tanti ne ha il nostro gruppo corale &#8211; tutto questo è puntualmente accaduto. Ne siamo usciti irrobustiti, e un po più maturi (non solo d&#8217;età).<br />
Tante persone sono transitate attraverso la nostra associazione: alcune se ne sono andate per sempre, altre sono giunte a colmare i vuoti. Quanti visi di maestri e di coristi scorrono in questo momento davanti ai nostri occhi: volti di gente che con il canto ha coltivato anche tanta amicizia, ha imparato comunque a convivere, in un clima di operosa serenità.<br />
Trent&#8217;anni sono tanti, almeno per la vita di un’istituzione come la nostra che normalmente nasce e tramonta nel giro di una generazione. Adesso le generazioni sono almeno due e forse anche tre: quella dei nonni e dei loro figli e dei figli dei loro figli. Un testimone che passa di mano in mano e che ci dà fiducia di poter continuare la nostra presenza nell&#8217;ambito della più vasta comunità fumanese, al cui servizio, anzitutto, sentiamo ancora di essere, così come quando, trent&#8217;anni fa, eravamo nati.</p>
<h4 style="text-align: justify;"><a href="http://www.amicidellamusicafumane.it/immagini/2012/10/coro-040.jpg" data-lbwps-width="800" data-lbwps-height="577" data-lbwps-srcsmall="https://www.amicidellamusicafumane.it/immagini/2012/10/coro-040.jpg"><img loading="lazy" decoding="async" class="aligncenter size-medium wp-image-515" title="coro 040" src="http://www.amicidellamusicafumane.it/immagini/2012/10/coro-040-300x216.jpg" alt="" width="300" height="216" srcset="https://www.amicidellamusicafumane.it/immagini/2012/10/coro-040-300x216.jpg 300w, https://www.amicidellamusicafumane.it/immagini/2012/10/coro-040.jpg 800w" sizes="auto, (max-width: 300px) 100vw, 300px" /></a></h4>
<h4 style="text-align: justify;">CORO AMICI DELLA MUSICA  &#8230;.    30 anni …..</h4>
<p style="text-align: justify;">Tanti successi, &#8230; tante nuove esperienze, nuove amicizie &#8230; innumerevoli concerti, moltissime soddisfazioni.<br />
Sono gli elementi che contribuiscono a formare la storia di un coro.<br />
Ogni 10, 20, 30, 40, 50, 100, anni vale la pena guardare al proprio trascorso, riviverne le emozioni per condividerle con le persone che ci circondano. Trent&#8217;anni sono un traguardo non indifferente: la comunità di Fumane può essere orgogliosa di questa sua creatura. Ma festeggiare un anniversario non è solo voler ricordare, è anche un momento di riflessione, di verifica in cui ci si confronta e si analizza il lavoro svolto.<br />
Il coro Amici della Musica rappresenta molto per la coralità veronese, per il territorio e la Valpolicella stessa. Ha un merito che va ben oltre all&#8217;immagine, ai fatti personali, ai successi ottenuti: esso rappresenta un riferimento culturale estremamente affidabile e concreto, consolidatosi sull&#8217;impegno e sulla costanza dei suoi componenti. La ricerca artistica, l&#8217;apertura verso generi musicali diversi, ha portato il coro a confrontarsi e a superare difficoltà notevoli acquisendo nel contempo un bagaglio culturale che ora gli consente di poter spaziare in varie direzioni tanto da potersi proporre con stili e repertori diversi. Parte del merito di tale maturità artistica sarà certamente da attribuire ai vari direttori che si sono succeduti negli anni. E certo non indifferente sarà stato l&#8217;impegno che i vari Consigli Direttivi si devono essere assunti per superare reticenze, difficoltà facilmente individuabili, ma quello che più conta è la disponibilità dei suoi componenti ad accettare proposte nuove. Un fatto che ha permesso di conoscere forme espressive diverse e scoprire cose sempre più suggestive e accattivanti. E&#8217; un coro che ha saputo costruire il proprio percorso artistico attingendo a varie e qualificate esperienze e che oggi, guardando al futuro, sta preparando le basi per garantirsi la continuità domani. Investe nei giovani e il coro di voci Bianche, &#8220;Piccoli Amici della Musica&#8221; che da alcuni anni ha formato con la collaborazione dell&#8217;Associazione Gruppi Corali, è una realtà concreta. Con esso condivide l&#8217;immagine di una comunità il cui amore per la musica e il canto corale trova origini nella tradizione popolare e che, all&#8217;occorrenza, non disdegna ad offrire il suo aiuto e il suo sostegno.</p>
<p style="text-align: justify;">Buon Compleanno Amici della Musica.</p>
<p align="right">Lino Pasetto</p>
<p>&nbsp;</p>

<p>Alti e bassi, entusiasmi e stanchezze, simpatia e indifferenza, soddisfazioni e delusioni: come la vita di ciascuno di noi, anche la vita di un coro si esprime in vari momenti, ora più lieti ora meno. E in trent&#8217;anni di vita &#8211; tanti ne ha il nostro gruppo corale &#8211; tutto questo è puntualmente accaduto. Ne &hellip; </p>
<p><a class="more-link btn" href="https://www.amicidellamusicafumane.it/?page_id=426">Continua a leggere</a></p>
